*m = 3*w - 9. What is the units digit of (m - -2)*(4 + -101)?
7
Let s(y) = 22*y + 116. Let b be s(22). Let n = b - 406. What is the tens digit of n?
9
Let v(h) = 237*h**3 - 17*h**2 + 7*h - 8. What is the tens digit of v(3)?
5
Suppose 0 = 15*n + 7*n - 472104 - 84122. What is the tens digit of n?
8
Let l be (-1 + -1)/((-3 + 1)/(-356)). Let v = 720 + l. What is the hundreds digit of v?
3
Let j be -1704*6*(-2)/(-24). Let t = j + 1248. What is the hundreds digit of t?
3
Let v = 86910 - 52033. What is the ten thousands digit of v?
3
Suppose -2*q = a - 10338, -6*q + 7*q = 5*a - 51723. What is the ten thousands digit of a?
1
Suppose 26 = -q - 34. Let s = q + 64. What is the tens digit of -4 - (19*-2 - s)?
3
Suppose 23*d = -684 - 94444. Let a = -2705 - d. What is the thousands digit of a?
1
Let z = -250 - -108. Let g = 115 + z. Let d = -20 - g. What is the units digit of d?
7
Let a(s) = -108*s**3 + 30*s**2 + 145*s - 13. What is the units digit of a(-5)?
2
Let z = 11939 - 4416. What is the hundreds digit of z?
5
Let k = 6516 + -3460. What is the tens digit of k?
5
Let n(y) = y**3 - 20*y**2 + 12*y - 30. Suppose 0 = -7*c + 6*c + 20. What is the hundreds digit of n(c)?
2
Let q(k) = -44*k**3 - 35*k**2 - 75*k - 19. What is the tens digit of q(-7)?
8
Suppose 2*x + 21 = 5*w, -3 = -4*w - x + 6. What is the tens digit of (3/(-5))/w - 2608/(-40)?
6
Let r(p) = 2*p**3 + 202*p**2 - 161*p - 83. What is the thousands digit of r(-101)?
6
Let d = 19654 + 238. What is the ten thousands digit of d?
1
Let q(y) = -9*y + 74. Let i be q(-8). Suppose 150*f - 7880 = i*f. What is the units digit of f?
0
Suppose -3*x = 3*v - 3, 7 = -v - 13*x + 14*x. Let j = 369 - v. What is the hundreds digit of j?
3
Suppose -44*y + 773044 = -2043352. What is the units digit of y?
9
Let m = -2062 - -4075. What is the units digit of m?
3
Let m(f) = 12*f - 10. Let c(b) = -6*b + 5. Let d(v) = -7*c(v) - 4*m(v). Let t(h) = -11*h + 11. Let a(l) = 13*d(l) - 6*t(l). What is the units digit of a(-4)?
7
Let w(c) = -11*c - 16 + 10 - 12*c + 8*c. What is the tens digit of w(-2)?
2
What is the ten thousands digit of ((-42)/(-28))/(15/(-8))*-19115 - 6?
1
Suppose -8*c + 1080 = -2*c. What is the hundreds digit of ((-8)/2 + c/54)*-645?
4
What is the thousands digit of (3684 - 10)*3/2?
5
Let b be 24/(-14)*(-196)/42. Let p(y) = -982*y - 4 - 3*y**3 - b*y**2 + 0*y**2 + 981*y. What is the units digit of p(-4)?
4
Suppose -16*k = -149 - 235. Suppose 5 - 1 = 2*r. What is the tens digit of r*(4 + -4 + k)?
4
Suppose -22*n - 91 + 3 = 0. What is the units digit of (3369/n)/((-108)/144)?
3
Let m = 37194 - 17990. What is the tens digit of m?
0
Let l be ((-9)/(-6))/(24/176) + 1. Suppose 0 = -j - 3*s - 3, 6*s - 3*s + l = 0. What is the units digit of j?
9
Let d = 18 - 81. Let t be ((-3)/(-7))/((-9)/d). Suppose 2*z - 1278 + 71 = -5*r, r = -t*z + 231. What is the units digit of r?
3
Let h(a) = -491*a + 191. What is the ten thousands digit of h(-22)?
1
Suppose -3*l + 3*i = i - 7, -3*l - 2*i - 1 = 0. Let d be l*(1 + -5 + 4). Suppose -3*v - 2*v = 20, d = -2*f + 3*v + 284. What is the hundreds digit of f?
1
Let f = -253 - -168. Let w = f - -124. Let t = w - -50. What is the units digit of t?
9
Suppose -3*f + 141132 = 4*k, 107*k - 5*f + 282272 = 115*k. What is the units digit of k?
9
Suppose 10 = 2*h + 4*n, -3*n + 2 = h - 4*n. Suppose f = -h*i - 2*i - 680, -2*f = 0. Let r = i + 338. What is the units digit of r?
2
Let y = -87 + 74. Let u(c) = -20*c + 63. What is the hundreds digit of u(y)?
3
Let p = 40 + -32. Let i be p/(-3 + 5 + -1). Suppose i*m = m + 658. What is the units digit of m?
4
Let p be (-12 - 672/(-36))*6/(-5). What is the hundreds digit of ((-4326)/(-8) + (-6)/p)*2?
0
Suppose 16*j = 13*j + 5964. Let f = j + -1181. What is the hundreds digit of f?
8
What is the hundreds digit of 36339 + (2/5)/(-10*(-20)/(-500))?
3
Let l(s) = -s**2 - 2*s - 1. Let m(v) = 3*v**2 + 5*v + 2. Let d(g) = 5*l(g) + 2*m(g). Let z be (-9 - -17)*(1 + 0). What is the units digit of d(z)?
3
Let a(c) = -2*c + 56. Let z be a(27). Let t(j) = 84 + 0*j**3 + 2*j**2 + 0*j**z - j**2 - 2*j**3. What is the units digit of t(0)?
4
Suppose 104844 = 138*m - 20804 - 1981198. What is the tens digit of m?
6
Suppose 45*m + 111796 - 335041 = 0. What is the units digit of m?
1
Let r(l) = 99*l - 3156. What is the hundreds digit of r(62)?
9
What is the tens digit of (12 + -2)/((-14)/(-36050)) + 2?
5
Let x(r) = 10*r**2 + 32*r - 50. What is the thousands digit of x(27)?
8
Let b(k) = -2*k**3. Let s be b(-1). Let i(n) = -n**2 - 3*n + 13. Let y be i(-5). Suppose -2*t = 2*t - s*w - 198, -y*w + 223 = 4*t. What is the tens digit of t?
5
Suppose 3*s + 390*d - 386*d - 4559 = 0, 0 = -2*s + d + 3043. What is the units digit of s?
1
Let b(c) = c**3 + 33*c**2 + 13*c + 33. Suppose -60 = 2*z + u, 2*z + 5*u = -42 - 2. What is the hundreds digit of b(z)?
6
Let b(t) = -t + 1. Let r(z) = -24*z + 30. Let d(p) = 2*b(p) - r(p). Suppose -10 = -6*c + 20. What is the units digit of d(c)?
2
Let j be 6/(-39) - 3410/(-26). Suppose -4*q - 10*l + 576 = -9*l, j = q - 3*l. What is the hundreds digit of q?
1
Let v = 715 + -1066. Let i = 513 + v. What is the hundreds digit of i?
1
Let o(x) = 277*x - 1249. What is the hundreds digit of o(30)?
0
What is the thousands digit of (74452/(-56))/((-1)/2)?
2
Suppose d - 5*j = 7, -3*d = -0*d - 3*j - 9. Suppose -d*q + s = -481, -136 = -q - 5*s + 132. What is the hundreds digit of q?
2
Let s = 88904 + -31401. What is the hundreds digit of s?
5
Suppose 0 = -18*l + 6786 + 19368. Suppose 0 = 7*q + 179 - l. What is the hundreds digit of q?
1
Let h = 401 - 729. Let y = h + 516. What is the tens digit of y?
8
Let l be 25/(-2) + (-21)/42. Let g = 13 + l. Suppose -5*t + 348 + 82 = g. What is the tens digit of t?
8
Let j(k) = 948*k**2 - 8*k - 12. What is the thousands digit of j(5)?
3
Let v = -12033 - -20074. What is the units digit of v?
1
Let s = -18363 + 18368. Suppose -1 = j - 3. Suppose 3*m = s*c + 41, 54 = j*m - 2*c + 20. What is the tens digit of m?
2
Let s = -14 + 29. Let w(h) be the second derivative of 7*h**3/6 - 2*h**2 + 26*h. What is the units digit of w(s)?
1
Let z(v) = 1241*v**2 - 56*v + 172. What is the hundreds digit of z(4)?
8
Let h(w) = -2*w**3 + 5*w**2 - 2*w + 4. Let a be h(-4). Suppose 0 = 5*j - a - 215. What is the units digit of j?
7
Let f(k) = -503*k - 1724. What is the hundreds digit of f(-16)?
3
Let k be 16/(-12)*(-6)/4. Suppose -k*j = 5*g + 2*j - 2373, -3*j - 963 = -2*g. What is the tens digit of g?
7
Let z(d) = 2*d**2 - 25*d + 116. Let y be z(7). Let g be -4 + (-2)/(-2) - 9. What is the tens digit of 4*(-3)/g + y?
4
Let d = 261 + -244. Let u(c) = 52*c + 42. What is the tens digit of u(d)?
2
Suppose 5*r + 56115 = 7*r + 3*r. What is the hundreds digit of r?
2
Let b(s) = s**3 + 13*s**2 - 28*s - 24. Let p be b(-14). Suppose -2*r - 7*w = -2*w - 326, 2*w + p = r. What is the tens digit of r?
6
What is the ten thousands digit of 6 - (-143105*5/(-50))/(2/(-4))?
2
Let f(c) = -c**3 - 14*c**2 + 3*c + 21. Let o be f(-14). Let v = -15 - o. Suppose 0 = -v*j + 11*j - 140. What is the tens digit of j?
2
Let f be 78/(-26) - (2*-1 - -335). Let d = 577 + f. What is the hundreds digit of d?
2
Let d(c) be the first derivative of -c**3/3 - c**2/2 + 320*c - 189. What is the units digit of d(0)?
0
Let n = -64 - -69. What is the hundreds digit of 85/34*292/n?
1
Let j = 42 + -76. Let v = 29 + j. Let m = 39 - v. What is the units digit of m?
4
Suppose 0 = 5*r + 2*q - 51540, 2*r + 49*q - 45*q - 20632 = 0. What is the units digit of r?
6
Let p(i) be the second derivative of 11*i**3/2 + 389*i**2/2 + 84*i. What is the hundreds digit of p(0)?
3
Let f(y) be the first derivative of -y**4/4 - 25*y**3/3 - 69*y**2/2 - 20*y - 284. What is the thousands digit of f(-25)?
1
Let c(a) = 61*a**3 + 7*a**2 + 6*a + 78. What is the tens digit of c(7)?
8
Let f = -99 + 105. Let m be (f + (-88)/12)*(-6)/(-4). Let d = 112 + m. What is the units digit of d?
0
Let s = 189 - -1684. What is the tens digit of s?
7
Let k be (0 + -1 + 0)*-2. Let u be 0/(2 + 4) - k. What is the units digit of -2*1/u - -206?
7
Suppose 0 = 2*h, 3*d - 11106 = 4*h + 9309. What is the tens digit of d?
0
Let t = -10203 + 10321. Let c(r) = r**2 + 2. Let o be c(0). Suppose -o*l + 5*l - d - 149 = 0, 2*l + 4*d = t. What is the units di